1?
-1011
In base 2, what is -100 - 0?
-100
In base 3, what is -22 + 11?
-11
In base 8, what is 1271 - 4?
1265
In base 11, what is 1008 + 1?
1009
In base 4, what is -2 + -132?
-200
In base 2, what is -1 + -110000101?
-110000110
In base 10, what is 8560 + 0?
8560
In base 15, what is 45 + -4?
41
In base 7, what is -1545 + -2?
-1550
In base 9, what is -3 - 136?
-140
In base 12, what is 5 - 51?
-48
In base 6, what is 243 - -2?
245
In base 12, what is -3a3 - 2?
-3a5
In base 11, what is 0 - -128?
128
In base 4, what is -1022 + 21?
-1001
In base 2, what is 1001110000 + -111011?
1000110101
In base 2, what is 1010001 - 1011110?
-1101
In base 12, what is -145 + -65?
-1aa
In base 15, what is 7 + -3c9?
-3c2
In base 10, what is 5 + -11?
-6
In base 6, what is -5 + -222?
-231
In base 10, what is 3 + -52?
-49
In base 8, what is 20 - 17?
1
In base 9, what is -5 - -4277?
4272
In base 10, what is -85 + 5?
-80
In base 3, what is 1102 + 1002?
2111
In base 7, what is 3 - 2663?
-2660
In base 16, what is b9 - -1f?
d8
In base 8, what is -22 - -2?
-20
In base 10, what is -5 + -250?
-255
In base 11, what is -5 + -35?
-3a
In base 5, what is 3422 + -1?
3421
In base 5, what is -400 + -24?
-424
In base 6, what is 3345 + 1?
3350
In base 8, what is 25 - -55?
102
In base 5, what is 23 - -1001?
1024
In base 10, what is 115 + -50?
65
In base 8, what is -1 - 20?
-21
In base 2, what is -100110 + 11010?
-1100
In base 7, what is -220 + -156?
-406
In base 2, what is -1100 + 1010?
-10
In base 16, what is 5 + 152?
157
In base 15, what is 158e + 0?
158e
In base 3, what is -110211 - -11?
-110200
In base 16, what is d + -9?
4
In base 15, what is 1 + 1c?
1d
In base 6, what is -3 + -25330?
-25333
In base 15, what is -178e + 4?
-178a
In base 15, what is -1 + -56?
-57
In base 16, what is -3 + 16?
13
In base 14, what is 3 + 70?
73
In base 3, what is -1111 + 11?
-1100
In base 14, what is 0 + -43?
-43
In base 2, what is -1011 + -100000?
-101011
In base 13, what is -2 + 58?
56
In base 5, what is 240 + 12?
302
In base 2, what is -1 + -110101?
-110110
In base 7, what is -26 - -31?
2
In base 11, what is 0 + -2?
-2
In base 6, what is 415231 - -4?
415235
In base 8, what is 71 + -22?
47
In base 8, what is -24157 - 1?
-24160
In base 4, what is -103303 + 2?
-103301
In base 12, what is -192 + -1?
-193
In base 14, what is 10 + 28?
38
In base 10, what is 104 + -158?
-54
In base 16, what is b5 - 1d?
98
In base 4, what is 0 + -133?
-133
In base 12, what is 2 + -1096?
-1094
In base 2, what is 10001000 + -110?
10000010
In base 3, what is 11 + 10122?
10210
In base 6, what is -1 + 122?
121
In base 13, what is -93 - -1c?
-74
In base 13, what is -15017 - -5?
-15012
In base 10, what is -4 + 1176?
1172
In base 15, what is 3 - -5b6?
5b9
In base 8, what is -532 + 2?
-530
In base 16, what is -5 + 2f?
2a
In base 6, what is 13 + -24?
-11
In base 14, what is 187 - -4?
18b
In base 11, what is -3 + 7?
4
In base 9, what is -10 + 402?
382
In base 2, what is -100 + -11101000?
-11101100
In base 7, what is 503 - 2?
501
In base 9, what is 24165 - 0?
24165
In base 15, what is -100 + -4?
-104
In base 11, what is -17 - 188?
-1a4
In base 14, what is 31 - 24?
b
In base 16, what is 3 - a0?
-9d
In base 8, what is -3 - 46?
-51
In base 4, what is 21022 - -10?
21032
In base 4, what is -3 - 12321?
-12330
In base 7, what is -14 - 66?
-113
In base 6, what is 445 - 10?
435
In base 9, what is 1 + -54?
-53
In base 4, what is -3111 + 1?
-3110
In base 4, what is -2 - -1002?
1000
In base 3, what is -1 + 1010?
1002
In base 16, what is -2 + c?
a
In base 11, what is -16 + -2a?
-45
In base 12, what is -16b9 + 1?
-16b8
In base 12, what is -32 - -3?
-2b
In base 13, what is -34 + -12?
-46
In base 10, what is 0 - 2150?
-2150
In base 8, what is -41 + 330?
267
In base 12, what is -8 + 315?
309
In base 4, what is -22 + 22?
0
In base 2, what is -1011 - 1001?
-10100
In base 7, what is 26 + 10?
36
In base 3, what is -1 + -111022?
-111100
In base 13, what is 18 - -c?
27
In base 16, what is c9 + 25?
ee
In base 5, what is 31011 - 3?
31003
In base 9, what is -221 - 0?
-221
In base 7, what is 4 + -10620?
-10613
In base 16, what is -3 - 911?
-914
In base 10, what is -5 - 98?
-103
In base 13, what is -9 + 15?
9
In base 9, what is -3 - -12321?
12317
In base 14, what is 43 + -d?
34
In base 2, what is 11 - 1110010?
-1101111
In base 16, what is -1 + -1743?
-1744
In base 11, what is 29 - -228?
256
In base 14, what is -34a + 1?
-349
In base 15, what is -da2 - 2?
-da4
In base 2, what is 10 - 1001?
-111
In base 7, what is 1 + 3131?
3132
In base 13, what is 3 - -45?
48
In base 4, what is -12322 + 0?
-12322
In base 10, what is 23 - 77?
-54
In base 14, what is -508 - 1?
-509
In base 10, what is -4 - 2600?
-2604
In base 9, what is -215 + -2?
-217
In base 3, what is -102 + -1121?
-2000
In base 8, what is 1460 + 3?
1463
In base 2, what is 0 - -100001011110?
100001011110
In base 13, what is 899 - 1?
898
In base 11, what is 0 + -61?
-61
In base 7, what is -4 - 215?
-222
In base 7, what is -4 + -435?
-442
In base 15, what is -24 - -1?
-23
In base 5, what is -1402313 + -2?
-1402320
In base 16, what is -32f - 4?
-333
In base 6, what is 50 + 2?
52
In base 16, what is -4 - 5d1?
-5d5
In base 4, what is 10 + 13231?
13301
In base 8, what is 24654 - -4?
24660
In base 6, what is 4 - -420?
424
In base 15, what is -524 + 3?
-521
In base 2, what is -11011 + -10?
-11101
In base 11, what is -1 + 26?
25
In base 2, what is 1 + 101010?
101011
In base 15, what is -17 - -29?
12
In base 12, what is -20 + 4?
-18
In base 7, what is -5 - 12230?
-12235
In base 13, what is 74 - 7?
6a
In base 3, what is -2 + -2021011?
-2021020
In base 9, what is 36 + 2?
38
In base 2, what is -101000100 + -1?
-101000101
In base 15, what is 4 + -25a?
-256
In base 9, what is -10373 - -5?
-10367
In base 4, what is -32 + -20010?
-20102
In base 5, what is -31202 + 4?
-31143
In base 7, what is -14 + -226?
-243
In base 12, what is 38 + -48?
-10
In base 2, what is 100 - 1101100?
-1101000
In base 16, what is -4 + 37?
33
In base 12, what is 43a - 9?
431
In base 6, what is 3402 - 12?
3350
In base 3, what is 2 - 102101?
-102022
In base 7, what is 4 + 113?
120
In base 3, what is 1011 - -22?
1110
In base 16, what is 1c83 - -2?
1c85
In base 2, what is 11010011110 - -11?
11010100001
In base 15, what is 11 - 4?
c
In base 7, what is -3 - 6251?
-6254
In base 2, what is 100 - 1010001?
-1001101
In base 13, what is 1b - -154?
172
In base 14, what is -d9 + 0?
-d9
In base 16, what is 4b9 + 5?
4be
In base 4, what is -1 + 13223?
13222
In base 15, what is a + c?
17
In base 5, what is -3 - -3140?
3132
In base 9, what is 652 + -2?
650
In base 3, what is 120021 - -20?
120111
In base 12, what is 8 + -77?
-6b
In base 3, what is 10121 + -2?
10112
In base 11, what is -5 + -12?
-17
In base 9, what is 178 - -27?
216
In base 6, what is -12 - 242?
-254
In base 10, what is -3239 - 0?
-3239
In base 13, what is 4 + -1bc?
-1b8
In base 11, what is 67 + -1?
66
In base 9, what is -4 + 6360?
6355
In base 15, what is 21b5 + -4?
21b1
In base 12, what is -4 - -37?
33
In base 14, what is a7 - 7?
a0
In base 2, what is 110 + -1000110?
-1000000
In base 14, what is 2d6 + -3?
2d3
In base 4, what is -1311 + -13?
-1330
In base 16, what is 602e + 1?
602f
In base 5, what is -223 - -30?
-143
In base 10, what is 33 + -269?
-236
In base 15, what is -171 - -5?
-16b
In base 2, what is 11111 + 10001110011?
10010010010
In base 6, what is 0 - 214?
-214
In base 11, what is 20 + 898?
908
In base 14, what is -5 + 56?
51
In base 16, what is -590 + 0?
-590
In base 13, what is 1 + 15?
16
In base 8, what is 37 + -10?
27
In base 6, what is -320 - 1?
-321
In base 3, what is 22012 + 20021?
112110
In base 2, what is -1100111001 - -11?
-1100110110
In base 10, what is 14 + -10?
4
In base 7, what is -11 - 545?
-556
In base 4, what is 10023 - 3?
10020
In base 10, what is -63 - 63?
-126
In base 3, what is 1 - -1022?
1100
In base 4, what is 2202 + 11?
2213
In base 15, what is -c - -8?
-4
In base 5, what is 23 + -130?
-102
In base 4, what is -23323 + 0?
-23323
In base 9, what is -70 - -2?
-67
In base 10, what is 4087 - 2?
4085
In base 6, what is 3323 - -3?
3330
In base 15, what is -1 + 39?
38
In base 14, what is 181 - 3?
17c
In base 14, what is -2 + 325?
323
In base 9, what is -161 + -22?
-183
In base 2, what